. Suppose -r*k + 5*k + 150 = 0. What is the units digit of k?
0
Let i(n) = 7*n - 4. Let q be i(2). Suppose -34 = -3*s - 10. Suppose 0 = q*d - s*d - 104. What is the tens digit of d?
5
Let q be (2 + -2 + (-4 - -1))/3. What is the hundreds digit of (-4)/q - (-4795)/7?
6
Let h = -4430 - -10124. Suppose -19*b + 3274 = -h. What is the hundreds digit of b?
4
Suppose 12619*z - 1361118 = 12578*z. What is the units digit of z?
8
Suppose -p - 4*f = 21, 2*f = 3*p - 0*f - 7. Let o be (0 + -2 - p)*-1*5. Suppose 3*t + 4*k - 5*k - 596 = 0, -k = o*t - 988. What is the hundreds digit of t?
1
Let c(f) = 619*f**2 - 33*f + 282. What is the ten thousands digit of c(6)?
2
Suppose c + 17 = 5*k, -4*k + 8*k = 5*c - 20. Suppose -2*w + 378 = -3*a, 0 = 35*a - 39*a - c. What is the hundreds digit of w?
1
Suppose n + 48 = -2*n. What is the units digit of 1629/2 + (-56)/n?
8
Suppose 4*s = 3*a + 2641, -s - 4*a + 646 = -0*s. Suppose -13*d + 1682 = -s. What is the hundreds digit of d?
1
Let k(g) = -g**2 + 121*g + 627. What is the units digit of k(58)?
1
Let f(b) = 4*b**2 - 3*b + 5*b + 16 + 6*b + 0*b. Let r be f(11). Suppose -3*v = 3*v - r. What is the units digit of v?
8
Let o = 8782 + 396. What is the units digit of o?
8
What is the hundreds digit of (43972/10)/((-12)/(-55) - (-6)/33)?
9
Let l(u) = u**2 - 13*u - 6. Let d be l(14). Suppose -3872 = -d*t + 2152. What is the tens digit of t?
5
Suppose 5*m + 5*z - 100 = 0, 5*z = m + 3*m - 71. Suppose -29*v + 28*v - m = 0. Let w = 97 + v. What is the units digit of w?
8
Let a be (-2)/(-9) - 341187/(-297). Let v = a + -767. What is the units digit of v?
2
Let n be 4/3 - 144/108. Suppose 3*q + 594 = 2*l - n*l, -2*q - 596 = -2*l. What is the units digit of l?
0
Let m = 2075 - 4654. Let f = 4406 + m. What is the thousands digit of f?
1
Let c be 1/((-3)/(-15)) + 7. Let b be (7 + -1)*(2 + (-4)/c). What is the units digit of (654/15)/(2/b)?
8
Let y = 130 - 110. What is the units digit of 60/y*(-466)/(-3)?
6
Let y(x) = 57*x**2 - 3*x + 3. What is the hundreds digit of y(2)?
2
Let k(m) = m**3 - 11*m**2 - 24*m - 26. Let r be k(8). Let z = 909 + r. What is the hundreds digit of z?
4
Let k(u) = 425 + 363 - 847 + 50*u. Let a(v) = v**2 - 2*v + 3. Let t be a(3). What is the tens digit of k(t)?
4
Let q = 247 - 881. Let b = q + 1637. What is the thousands digit of b?
1
Suppose -18*p - 5109 = -57*p. Suppose 6*x = x. Suppose -m + x*m = -p. What is the units digit of m?
1
Let z(s) be the third derivative of s**5/10 + 5*s**4/12 - 7*s**3/6 - 76*s**2. What is the units digit of z(6)?
9
Suppose -a = l - 10, 0*a + 5*a - 30 = -l. Suppose 101 = -2*p - l*w + 542, -5*p + w + 1143 = 0. What is the hundreds digit of p?
2
Let i(b) = 0 + b + b**2 - 1 + 12*b**3 - 3*b. Let g be (10/6 + -3)*((-50)/4 + 11). What is the tens digit of i(g)?
9
Let p(x) = -2*x**3 + 4*x**2 + 202*x + 3077. What is the units digit of p(-16)?
1
Suppose -5*c + o = -63, -27 + 72 = 5*c + 5*o. Let a = c - 8. What is the tens digit of 21/(-42) - (-398)/a?
9
Let z(s) = -1732*s + 17. Let f be z(-2). Let i = f + -1964. What is the units digit of i?
7
Suppose q = 1, m + 3*q + q = 0. Let t(y) = -2*y**2 + 31*y - 17. Let l be t(0). Let j = m - l. What is the units digit of j?
3
Suppose -4024 = -3*j + 4*v, -2*j = -16*v + 19*v - 2677. What is the thousands digit of j?
1
Suppose -3*t - 2*v = -32683, -7*v + 2*v = 4*t - 43568. What is the ten thousands digit of t?
1
Suppose 11*w - 421 - 2021 = 0. Let x = 13 + w. What is the units digit of x?
5
What is the ten thousands digit of (-4)/((-4)/37469) - ((-1296)/16)/(-9)?
3
Suppose 0 = -5*h + 4*k + 276907, -276841 = -14*h + 9*h - 18*k. What is the tens digit of h?
7
Suppose 0 = 11*h + 6*h - 5933. Let u(o) = -o**3 + o + 167. Let r be u(0). Let y = h - r. What is the hundreds digit of y?
1
Let j = 56390 + -33676. What is the units digit of j?
4
Let x(q) = 5*q**2 + 15 + 5*q**3 + 0*q**2 - 19*q + 0*q**3 - 6*q**3. What is the tens digit of x(-10)?
0
Let j be ((-16)/36)/((-4)/18). Suppose 0 = -j*p - 0*p + 1562. What is the hundreds digit of p?
7
Let f(v) be the third derivative of 11*v**7/2520 - 17*v**6/360 - v**5/10 + 3*v**2. Let o(l) be the third derivative of f(l). What is the hundreds digit of o(7)?
1
Let u(a) = -a**3 + 16*a**2 - 19*a + 2. Let m = -187 - -196. What is the units digit of u(m)?
8
Let j be -6 - (-761 + 36/(-6)). Let h = j + -129. What is the tens digit of h?
3
Let g be ((-99)/39 + 3)*13. Let s(t) = t**2 + 10*t. What is the tens digit of s(g)?
9
Let n(i) = -5*i**2 - 31*i - 81. Let t be n(-18). Let h = 389 - t. What is the thousands digit of h?
1
Suppose 12*g + 4984 = 31756. Let v = g - 1581. What is the tens digit of v?
5
Let s(f) = 1077*f**2 - 12*f - 52. What is the tens digit of s(-3)?
7
Let m = 296 - -210. Suppose -5*r = -b + 203, -3*r - m = 5*b - 1605. What is the tens digit of b?
1
Let y(k) = -k**3 + k**2 + 2*k + 4. Let n be y(-4). Let r = 5364 + -5413. Let c = r + n. What is the units digit of c?
7
Let j = -16 + 7. Let n(q) = 18*q**2 + 32*q + 11. What is the thousands digit of n(j)?
1
Let a = 139 - 119. Suppose 2*c - w - 143 = 0, -2*w + a = -3*c + 232. What is the units digit of c?
4
Suppose 10*u = 65644 + 21366. What is the hundreds digit of u?
7
Let f(m) = -m. Let r(w) = 31*w**2 - 5*w - 2. Let l be -2*(-10)/(-2) + 4. Let n(q) = l*f(q) + r(q). What is the units digit of n(1)?
0
Let a(o) = -94 - 5*o**2 - 2*o**2 + 3*o**2 - 46*o + 6*o**2. What is the hundreds digit of a(33)?
5
Suppose -6*k = 3*w - 193716, -k - 74*w = -72*w - 32289. What is the thousands digit of k?
2
Let u = 4367 + -6340. Let a = -941 - u. What is the tens digit of a?
3
Suppose 3*k = j + 25, k + 3*j - 17 + 2 = 0. Let n(o) = 10*o**2 + 3*o - 3. What is the hundreds digit of n(k)?
8
Suppose -2*f + 13 = -3*k, -5*k = -0*f - 3*f + 21. What is the units digit of (-38*15/(-10))/(f/18)?
3
Let x(d) = d**2 - 12*d - 63. Let s be x(17). What is the units digit of (7/(7/s))/(1/9)?
8
Suppose 164 = -2*j - 2*j - 4*c, 0 = j - 3*c + 45. Let w = 109 + j. What is the units digit of w?
7
What is the units digit of 425979/18 - 1/(-2)?
6
Let i(v) = 561*v**2 + 360*v + 5. What is the ten thousands digit of i(-8)?
3
Suppose 4*q + 25432 = 5*j, -127314 = -25*j - 18*q + 16*q. What is the units digit of j?
2
Let i(f) = f**3 + 2*f**2 - 1. Let c be i(-1). Let z be -4 + 2 + 117 - (c - 0). Let y = -60 + z. What is the tens digit of y?
5
Let l(u) = -u**3 + 9*u**2 - 6*u - 16. Let s be l(8). Suppose 4*z - 3*z = s. Suppose -3*t + 553 = 2*t + 3*p, -t + 2*p + 108 = z. What is the hundreds digit of t?
1
Let o(z) = 1033*z + 78. What is the thousands digit of o(6)?
6
Suppose -5*r + 4*w + 54857 = 5*w, r - 4*w = 10963. What is the units digit of r?
1
Suppose -7*a + 4917 = -158. Suppose 4*i + 74 - 364 = -2*d, -a = -5*d - 5*i. What is the units digit of d?
5
Suppose -45 = 10*h + 75. What is the hundreds digit of 15/h*4*-145?
7
Let k be 522/3*(-2)/(-4) + 2. Let d = -6 - k. Let t = 217 + d. What is the hundreds digit of t?
1
Let k(v) = -2*v**2 + 13*v + 7. Let m be k(7). Suppose 4*j - 18 - 10 = m. Suppose -260 - 167 = -j*p. What is the units digit of p?
1
Let p be (-3 - -7)*(-81)/(-12). Suppose -b = 5*u + 31, -b - b = 3*u + p. What is the tens digit of (b/3 - 3)*-60?
0
Suppose 38*i - 11213 = 165536 + 105059. What is the hundreds digit of i?
4
Suppose 2*n - 3*w - 6 = n, 5*w + 2 = -n. What is the tens digit of 1/n*6 + 346?
4
Suppose 6*x + 2*h - 192872 = 0, -96442 = -3*x + 65*h - 63*h. What is the hundreds digit of x?
1
Suppose 145 = 8*d - 7. Suppose -14*m + d*m = 25. Suppose -3*j - 3*s = -s - 234, -m*j + 371 = -3*s. What is the tens digit of j?
7
Suppose -32*d + 27*d = 4*j - 29045, -3*d + 29043 = 4*j. What is the tens digit of j?
6
Suppose -25 - 189 = -2*d. Let h = -231 + d. Let m = h - -175. What is the tens digit of m?
5
Let c(b) be the first derivative of 26*b**2 + 9*b + 37. What is the tens digit of c(4)?
1
Let b(g) be the third derivative of g**6/120 + 23*g**5/30 + 25*g**4/12 - 19*g**3/6 - g**2 + 24*g. What is the tens digit of b(-44)?
5
Let u(v) = v**3 - 2*v**2 - 3*v + 3. Suppose k - 3 = -0. Let l be u(k). Suppose -l*h - 57 + 234 = 0. What is the tens digit of h?
5
Let r = 144 + -141. What is the thousands digit of 60190/52 - r/6?
1
Suppose -3*r + 9 = 21, -5*d + 124819 = 4*r. What is the units digit of d?
7
Let g(p) = -p**3 - 